*f + 5715 - 167 = 0, 5*f + 2760 = 2*y. Suppose -1406 = 7*q - y. Determine i(q).
6
Suppose 0 = r - 4*o + 13, -3*r + 36 = -o + 4*o. Let u(m) be the third derivative of -m**5/60 + m**4/3 + m**3 + 82*m**2 + 41*m. What is u(r)?
13
Let r(h) = h**3 + 3*h**2 - 3*h + 6. Let c be r(-4). Let b(l) = -8*l**2 - 8*l**c - 3*l**2 + l. Suppose 0 = -54*s + 15*s + 39. Determine b(s).
-18
Let j(q) = -q**3 + 8*q**2 + 2*q - 3. Let f(y) = -4*y + 66. Let d be f(16). Let r be 78/10 + (d - 63/35). What is j(r)?
13
Let w(f) = 60*f - 417. Let c be w(7). Let m(i) = -3*i**2 + i + 18. What is m(c)?
-6
Suppose 2*y - 4 = y. Suppose -y*r = -16, 2*q + 0*r = -4*r + 22. Let j(m) = 361822*m**2 - 113*m + 114*m - 361823*m**2. What is j(q)?
-6
Let d(k) = 3*k**2 + 15*k - 25. Let c(o) = 178*o - 532. Let t be c(3). What is d(t)?
17
Let s(m) = m**2 + 23*m + 117. Let o(b) = b**2 + 30*b + 204. Let x be o(-12). Calculate s(x).
-15
Suppose 2*y - 374 = -184. Suppose -103 + y = -m. Let d(q) be the third derivative of q**5/60 - q**4/3 + q**3/6 - q**2. Calculate d(m).
1
Suppose d - 8 + 3 = 0. Suppose -d*v - 3*w + 3 = -3*v, w - 1 = 0. Suppose v = 2*m - m - 4. Let l(n) = n - 5. Calculate l(m).
-1
Let r be 5/(-1)*4/10. Let y(v) be the first derivative of v**3 - 9*v**2/2 + 2*v - 8. Let t(c) = 4*c**2 - 11*c + 3. Let o(l) = -4*t(l) + 5*y(l). Give o(r).
-4
Let q(c) = c**3 - c**2 - 11*c - 5. Let f(i) = 209*i - 421. Let z be f(2). Give q(z).
-8
Let m(d) = -2*d**2 + d - 4. Let q = 26 + 13. Let f = 115 - q. Let u = f - 73. What is m(u)?
-19
Let y(k) be the first derivative of -k**4/4 - 2*k**3/3 + k**2/2 - 12*k - 1023. Determine y(0).
-12
Suppose 5*w + 11 = 2*f, 0 = -3*f + 6*w - 2*w + 13. Let l(y) = -f*y**2 + 6*y**2 - y**2 - 12*y + 4 - y**2. Determine l(11).
-7
Let p(f) be the second derivative of 0 - 1/2*f**2 - 1/4*f**4 + 1/10*f**5 - 2/3*f**3 - 5*f. Give p(3).
14
Let w(n) = -12*n + 89. Let r(x) = -x + 19. Let z(y) = 2*r(y) - w(y). Determine z(9).
39
Let p = -111 + 116. Suppose -248 = p*t - 9*t. Let o(s) = -29*s**2 - 9*s + t*s**2 + 9 - 24*s**2 + s**3. Determine o(-10).
-1
Let b(c) = -c**3 + 5*c**2 + 2*c - 1. Let y(u) = -1 + u - u + 16*u**2. Let q be y(1). Let z = 20 - q. Calculate b(z).
9
Let u(x) = -3*x - 24. Let d be u(-13). Let w be (-64)/(-6) - (-5)/d. Let y(m) = m - 18. Give y(w).
-7
Suppose -2*z + 0*s = -4*s + 20, -2*z = -5*s + 23. Let a = -3 - z. Let b(h) = 13*h - 11*h - 6 + 0*h + 7. Give b(a).
3
Suppose -w - w = 0. Let i(h) = 3*h + 21. Let f(x) be the first derivative of x**2/2 + 7*x - 3. Let v(r) = 11*f(r) - 4*i(r). Give v(w).
-7
Let i(j) = -j**3 + j**2 + 13*j + 9. Let g be i(-3). Let p(l) be the third derivative of g*l**2 + 1/60*l**5 + 0 + 1/24*l**4 + 7/3*l**3 + 0*l. What is p(0)?
14
Let l(i) = 7*i + 8. Let g(p) = -8*p - 9. Suppose -8 = -7*n + 5*n - 4*w, 4*w - 14 = -n. Let h(q) = n*l(q) - 5*g(q). What is h(-3)?
3
Let m(s) be the first derivative of 107 + 1/2*s**2 + 3*s. Determine m(-4).
-1
Let i be 9*-2*(-2)/(-6). Let u(o) = 1047 - 2050 + 5*o + 998 - o + o**2. Determine u(i).
7
Let u(p) = -7 + 2081*p - 56 - 2085*p. Determine u(-16).
1
Let h be (-77836)/(-55) + (-16)/(-20). Let c(n) = 9 + 0 + h*n**3 - 1417*n**3 - 7*n**2. Determine c(-7).
9
Suppose 0 = 62*x - 57*x + 255. Let z = 53 + x. Let f(s) = -7*s**2 + 3*s**z + 10*s - 2 + 5*s**2. What is f(-10)?
-2
Let a(l) be the first derivative of 2*l**2 - 38*l - 1049. What is a(12)?
10
Suppose -z + 0*y + 4*y - 9 = 0, -z - 2*y + 21 = 0. Suppose -4*s = -z*s - 14. Let q be s/8 - (-15)/(-4). Let f(j) = -j**3 - 3*j**2 - 4*j - 5. What is f(q)?
27
Let b(y) = 15*y**2 - 2*y + 1. Let a(k) be the first derivative of k**3/3 + 4. Let n(u) = -3*a(u) - b(u). Suppose -13*m - 36 = -49*m. What is n(m)?
-17
Let q(z) be the third derivative of z**4/6 - 17*z**3/3 - 486*z**2. What is q(10)?
6
Let p(u) = 24*u + 16. Suppose 0 = 19*v - 23*v - 2*c + 4, 2*v + 14 = 3*c. Determine p(v).
-8
Let p(g) = 1756*g - 578*g - 577*g + 2*g**2 + 24 - 577*g. Give p(-11).
2
Let v(b) be the first derivative of 3*b - 122 + 1/2*b**2 - 2/3*b**3. Calculate v(2).
-3
Let n be (22/(-6))/(10/(26 - -4)). Let g(a) = -a**3 - 11*a**2 + a + 11. What is g(n)?
0
Let a(w) = -w**2 - 2*w + 73. Let g be (-1)/8 - ((-3895)/(-328) + -12). What is a(g)?
73
Suppose -3*c = -3 - 9. Suppose v = c*h - 13, 2*v = -h + 5 - 4. Let x(r) be the third derivative of r**4/24 - 27*r**2. What is x(h)?
3
Let r = 352 + 85. Let v = r + -425. Let t(y) = 2*y - 29. Calculate t(v).
-5
Suppose -7*l = 3*l + 120. Let w(k) be the first derivative of k**2/2 + 15*k - 158. Give w(l).
3
Suppose -4*v + 2*m = -28, 3*v + m = 4*m + 27. Let x(f) = -f + 7. Let n be x(v). Let p be n/((4/(-10))/(3/15)). Let g(s) = -6*s**2 - 2*s - 1. Give g(p).
-5
Let r be ((-1)/4)/((-15)/(-27660)). Let s = 449 + r. Let c(z) = -z - 18. What is c(s)?
-6
Let f(a) be the third derivative of a**5/60 - a**4/8 - a**3 - 1025*a**2. Give f(5).
4
Let y = 10222 - 10214. Let c(d) = d**2 - 10*d + 17. Calculate c(y).
1
Let s = -1612 + 1611. Let m(t) be the first derivative of -3*t**4/2 + 2*t**3/3 + t**2 + t - 13. Give m(s).
7
Let k be (2 + (-112)/42)/((-2)/(-3)). Let p(o) = 61*o**3 - 1. Determine p(k).
-62
Let h(z) = -3*z**3 + 7*z**2 + 15*z - 48. Let y be h(3). Let m(s) = 2*s**2 + 41*s + 3. Determine m(y).
24
Let n be 1/(10/72)*10. Suppose 7*g = 11*g - 3*b - 303, 169 = 2*g - 5*b. Let t(m) = -n*m + g*m - m**3 + 5*m**2 + 2. What is t(5)?
2
Let g(a) be the second derivative of a**4/12 + 5*a**3/3 + 6*a**2 - a. Let r = 6731 - 6740. Determine g(r).
3
Suppose -k = 3*r + 22, 21 = -2*k - 5*r - 18. Let d(s) = -s**3 - 6*s**2 + 7*s. Calculate d(k).
0
Let a be 2/6 - 8/6. Let f(g) be the first derivative of 11/3*g**3 + g + 47 + 1/2*g**2. Give f(a).
11
Suppose -133 + 3 = 100*k - 74*k. Let a(c) = c**3 + 11*c**2 - 8*c - 10. Determine a(k).
180
Let s = -263 + 262. Let z be 220/28 + 2/14. Let i(r) = -z*r**3 + r + 2*r**3 - 5*r + 1 + 5*r. Give i(s).
6
Let f = -373 - -385. Let b(o) = -2 + f*o - 2*o**3 + o**3 + 9 + 4 - 8*o**2 + 1. Calculate b(-9).
-15
Let s(w) be the second derivative of -3*w**3/2 - 5*w**2/2 - 461*w + 2. Calculate s(-7).
58
Let z(f) = -17*f**2 - 16*f + 2. Let o(m) = -13*m**2 - 15*m - 1. Let l(u) = 4*o(u) - 3*z(u). Give l(-9).
17
Let s(c) = -5*c + 1. Let f(o) = -o**2 - 2*o + 12. Let t be f(4). Let x(j) = -j**3 - 12*j**2 - 16*j - 27. Let p be x(t). Suppose -5*b - p = -160. What is s(b)?
6
Let y(l) = -3 + 1590*l - 1565*l + 2. Let b be y(-1). Let x = -33 - b. Let o(j) = -j**2 - 8*j - 5. Determine o(x).
2
Let j(r) be the third derivative of 0 + 3*r**2 - 1/3*r**4 + 1/6*r**3 + 3*r. Give j(2).
-15
Let i(c) be the first derivative of 2*c**2 - 30*c - 394. Let m(v) = 4*v + 29. Let j be m(-5). Give i(j).
6
Let o(y) = y**2 - 8*y + 4. Let j(g) = -g**3 + 6 + 8*g**2 + 0*g**3 - 8*g - 2*g**2. Let a be 0*(12 - 13) - (0 + -4). Let u be j(a). Determine o(u).
-8
Let f(t) = -2*t**2 - 5*t - 5. Suppose 23*g + 1399 = -2833. Let j = 182 + g. What is f(j)?
-3
Let f(q) = 4*q**3 - 5*q**2 + 17*q - 656. Let l(m) = -m**3 + m**2 - 4*m + 156. Let z(j) = 5*f(j) + 21*l(j). Suppose -4*k - 12 = -k. Determine z(k).
-8
Let m(c) = 6*c**2 - 3*c**2 + 21*c**3 + 23*c**3 - 38*c**3 + 0*c**2 - 6*c - 7. Determine m(-3).
-124
Suppose -4*n - 34 = 76*d - 81*d, 2*d + 2*n = -8. Let f(w) be the second derivative of -1/20*w**5 + 0 + 19*w + 0*w**d - w**3 - 1/2*w**4. Calculate f(-4).
-8
Let k(s) = -s + 21 + 14 - 16 + 5. Calculate k(4).
20
Let x(a) = -a**2 - 21*a + 43. Suppose -8*h = 2*h + 9*h - 38. Give x(h).
-3
Let d(n) be the second derivative of 5*n**3/2 - 83*n**2/2 - 443*n + 2. Give d(6).
7
Let v(y) = -y**3 - 30*y**2 + 53*y + 681. Let t be v(-31). Let s(c) = 21*c + 3. Calculate s(t).
-18
Let j(s) be the third derivative of s**7/5040 - 13*s**6/720 + s**5/30 - 3*s**4/8 + 2*s**2 + 17*s. Let w(f) be the third derivative of j(f). What is w(9)?
-4
Let z(n) be the first derivative of n**6/120 - 3*n**5/20 + 3*n**4/8 + n**3/3 + 61*n**2 - 7. Let l(w) be the second derivative of z(w). Give l(8).
10
Suppose -15*w = 6*w - 126. Suppose -w*s = -20 - 4. Let a(k) = k**3 - k**2 - 1. Let v(c) = -5*c**3 + 8*c**2 + 5*c + 2. Let b(l) = 4*a(l) + v(l). Determine b(s).
18
Let n(h) = -17*h + 308. Let v(j) = 3*j**3 - 10*j**2 + 11*j - 6. Let p be v(3). Calculate n(p).
2
Suppose g = -2*y + 32, -g = -11*y + 14*y - 32. Let p(q) = g*q - 14*q - 17*q + 5. Determine p(-11).
-6
Let w